).
-29
Let x(o) = -9*o**3 - 2*o - 2. Calculate x(-2).
74
Let p(v) = -v**3 + 8*v**2 - 2*v - 39. Determine p(7).
-4
Let h(b) = b**2 + 10*b + 8. Calculate h(-7).
-13
Let n(i) = i**2 - 21*i - 45. What is n(22)?
-23
Let d(t) = 14*t + 610. Calculate d(-44).
-6
Let y(s) = 2*s**2 - 2*s + 2. What is y(2)?
6
Let w(b) = -b**3 + b**2 + 2*b + 2. What is w(-1)?
2
Let r(g) = g**3 + 13*g**2 + 6. Determine r(-13).
6
Let p(i) = -i - 14. Give p(-16).
2
Let z(o) = 3*o - 36. Calculate z(18).
18
Let n(d) = d**3 + d**2 - 14. Calculate n(0).
-14
Let o(l) = 2*l + 3. What is o(0)?
3
Let i(k) = 2*k + 47. What is i(-26)?
-5
Let c(g) = 3*g**2 - 8*g - 6. Calculate c(5).
29
Let j(v) = -2*v**2 + v - 4. Give j(4).
-32
Let q(p) = -43*p - 272. Determine q(-6).
-14
Let u(x) = -9*x - 48. Give u(-7).
15
Let z(d) = -d**3 + 10*d**2 + 11*d + 5. Determine z(11).
5
Let m(o) = o**2 - 26*o - 41. Give m(25).
-66
Let k(p) = p**3 - 6*p**2 - 16*p - 9. Determine k(-2).
-9
Let y(a) = 2*a**2 - 13*a - 19. What is y(9)?
26
Let k(y) = 2*y**2 + 27*y - 88. Give k(-17).
31
Let h(z) = -z**3 - 8*z**2 + z + 1. Calculate h(-8).
-7
Let u(w) = -w**2 + 12*w - 37. Calculate u(14).
-65
Let g(f) = 3*f + 53. Give g(0).
53
Let z(h) = -29*h**3 + 2*h**2 + 3*h + 1. Calculate z(-1).
29
Let x(l) = 6*l - 20. What is x(8)?
28
Let h(p) = p**3 - 2*p**2 + 2*p - 6. What is h(0)?
-6
Let h(c) = 4*c**3 + 4*c**2 + 3*c + 1. Give h(-1).
-2
Let u(q) = 26*q - 62. What is u(3)?
16
Let d(c) = -6*c + 4. Give d(5).
-26
Let p(t) = -t**3 + 12*t**2 - 20*t + 6. Give p(10).
6
Let c(j) = -j**2 - 15*j + 6. What is c(-15)?
6
Let f(t) = t**3 + 7*t**2 + 6*t + 3. Calculate f(-4).
27
Let v(y) = -3*y - 4. Give v(9).
-31
Let j(w) = -w**2 + 2*w. Give j(0).
0
Let q(r) = -19*r**3 + 2*r**2 - 1. Calculate q(-1).
20
Let y(i) = 25*i - 152. What is y(6)?
-2
Let b(p) = -7*p - 68. Give b(-12).
16
Let r(f) = -f + 12. Give r(-8).
20
Let g(w) = 4*w + 28. Calculate g(-7).
0
Let k(v) = -4*v**2 - 35*v + 4. Calculate k(-9).
-5
Let x(u) = -3*u - 9. Give x(-8).
15
Let b(a) = a**2 + 6*a + 18. Determine b(-5).
13
Let q(u) = -18*u**3 - 2*u**2 + u + 1. What is q(-2)?
135
Let o(s) = -s**2 + 2*s + 8. What is o(5)?
-7
Let h(t) = t**3 - 5*t**2 - 12*t - 10. Give h(7).
4
Let v(r) = -r**2 + 9*r + 3. Give v(11).
-19
Let i(p) = p**3 + 12*p**2 - p - 6. What is i(-12)?
6
Let q(v) = v**2 - 14*v + 15. What is q(16)?
47
Let h(s) = 3*s + 10. Determine h(-3).
1
Let p(u) = -u**3 + 8*u**2 + 7*u - 25. Give p(10).
-155
Let k(c) = c**2 + 13*c + 16. Determine k(-12).
4
Let y(r) = -r - 33. Determine y(-37).
4
Let x(f) = -2*f - 1. What is x(4)?
-9
Let k(s) = -2*s**2 + 44*s - 30. Give k(22).
-30
Let s(r) = -5*r - 1. Give s(2).
-11
Let u(j) = -j**2 + 3*j + 13. Determine u(5).
3
Let v(o) = 64*o - 380. Calculate v(6).
4
Let c(a) = -a**2 + 3*a + 6. Give c(-5).
-34
Let a(m) = -2*m - 12. Calculate a(-8).
4
Let s(v) = v**2 - 7*v - 24. Calculate s(-9).
120
Let v(f) = -f**2 + 8*f + 6. Determine v(7).
13
Let i(o) = -o**3 + 12*o**2 - 8*o - 24. Give i(11).
9
Let y(w) = 2*w**2 - 29*w. Determine y(15).
15
Let a(f) = 2*f**3 + 6*f**2 + 2*f - 3. Give a(-4).
-43
Let l(f) = -f**3. Determine l(1).
-1
Let x(a) = -a**3 + 11*a**2 + 3*a + 20. Calculate x(11).
53
Let a(v) = -v**3 - 14*v**2 + 16*v + 16. Calculate a(-15).
1
Let p(w) = -w**2 + 4*w - 6. Give p(6).
-18
Let n(m) = 5*m - 35. Determine n(17).
50
Let k(z) = -z**2 + 12*z - 37. Give k(9).
-10
Let r(v) = -v**3 - 4*v**2 + 14*v - 38. Calculate r(-7).
11
Let t(z) = 2*z - 14. Determine t(9).
4
Let f(h) = 10*h - 221. What is f(21)?
-11
Let x(v) = 2*v**3 - 22*v**2 - 12. What is x(11)?
-12
Let q(p) = -p**3 + 5*p**2 - 4*p - 2. Give q(4).
-2
Let n(l) = -l**3 + 43*l**2 - 46*l + 170. Give n(42).
2
Let p(a) = 4*a + 24. Calculate p(-5).
4
Let r(w) = 6*w - 6. Give r(3).
12
Let r(p) = -p**2 + 23*p - 118. Calculate r(16).
-6
Let d(k) = -k**2 - 3*k. Calculate d(-5).
-10
Let n(p) = p - 2. Determine n(-4).
-6
Let s(j) = j**3 - 6*j**2 + 9*j - 10. Give s(5).
10
Let b(s) = -s**3 + 9*s**2 + 4*s + 9. Give b(9).
45
Let t(q) = q**2 - 16*q - 13. What is t(17)?
4
Let u(r) = r - 7. Determine u(-1).
-8
Let q(m) = m + 1. What is q(-7)?
-6
Let u(d) = -2*d**2 + 13*d + 39. What is u(9)?
-6
Let b(t) = -t**3 - 13*t**2 - 12*t - 3. What is b(-12)?
-3
Let i(t) = -2*t**2 - 32*t + 205. Give i(-21).
-5
Let i(c) = -c**3 - 3*c**2 + 4*c + 4. What is i(-2)?
-8
Let u(g) = -11*g + 7. Determine u(6).
-59
Let p(d) = -17*d**2 - d. Calculate p(1).
-18
Let m(p) = -p**3 - 21*p**2 + 22*p + 4. Give m(-22).
4
Let p(z) = -z**2 - z - 5. Determine p(5).
-35
Let w(v) = -v**3 - 3*v**2 + 2*v + 9. Calculate w(-4).
17
Let a(j) = -9*j + 32. Determine a(7).
-31
Let s(x) = -x**2 + 7. Give s(7).
-42
Let z(r) = -6*r + 9. Calculate z(-4).
33
Let u(v) = -6*v**2 - 29*v. Determine u(-5).
-5
Let y(t) = -t**3 - 10*t**2 + 26*t + 14. Calculate y(-12).
-10
Let v(l) = -5*l + 7. Calculate v(14).
-63
Let h(p) = -7*p - 56. Calculate h(10).
-126
Let y(b) = b - 8. Calculate y(10).
2
Let p(h) = -18*h - 27. Calculate p(-7).
99
Let r(k) = -8*k - 49. Calculate r(-7).
7
Let y(x) = x**3 - 11*x**2 + 21*x - 2. Determine y(9).
25
Let q(c) = 2*c**2 + 15*c + 8. Calculate q(-8).
16
Let k(z) = -2*z + 7. Give k(8).
-9
Let g(s) = -s**2 - 65*s + 135. Calculate g(2).
1
Let m(k) = -k**3 + 9*k**2 + 12*k - 13. What is m(10)?
7
Let g(o) = -10*o - 9. What is g(-6)?
51
Let l(t) = 20*t + 217. What is l(-11)?
-3
Let o(g) = -2*g + 3. Give o(3).
-3
Let n(h) = h**3 - 5*h**2 + 2*h + 7. Give n(3).
-5
Let l(z) = z**3 - 7*z**2 + 7*z + 4. What is l(6)?
10
Let u(q) = -19*q + 111. What is u(6)?
-3
Let y(t) = t**2 + 7*t + 18. Give y(-3).
6
Let u(f) = -f**3 - 9*f**2 - 2*f + 6. Calculate u(-9).
24
Let a(p) = p**3 - 2*p**2 - 7*p + 5. Calculate a(4).
9
Let q(u) = -43*u + 1113. What is q(26)?
-5
Let u(h) = 6*h**2 - 41*h - 13. Give u(7).
-6
Let a(g) = g - 3. Calculate a(-5).
-8
Let b(u) = -12*u - 2. Determine b(-2).
22
Let o(g) = -5*g. What is o(4)?
-20
Let q(o) = o**3 + 6*o**2 + 2*o + 8. Calculate q(-6).
-4
Let n(j) = j**2 - 9*j - 31. Calculate n(12).
5
Let p(m) = 3*m**2 - 2*m - 13. Give p(0).
-13
Let z(t) = -t**3 + 7*t**2 - 2*t + 22. Determine z(7).
8
Let p(n) = -5*n + 15. What is p(-5)?
40
Let d(o) = -12*o - 58. Give d(-5).
2
Let a(i) = 8*i - 3. Calculate a(-6).
-51
Let y(t) = -t + 36. Determine y(18).
18
Let q(s) = 3*s - 60. What is q(20)?
0
Let w(q) = -6*q + 121. Calculate w(19).
7
Let s(f) = 10*f + 1. Give s(0).
1
Let d(n) = -n**2 + 22*n - 24. What is d(20)?
16
Let v(q) = -q**3 - q**2 + 12. Calculate v(0).
12
Let x(c) = -6*c - 37. Determine x(-13).
41
Let t(k) = 56*k - 1. What is t(1)?
55
Let c(w) = -w**2 + 9*w - 4. Calculate c(9).
-4
Let c(b) = b**2 - 20*b + 65. Calculate c(16).
1
Let x(c) = -7*c**2 + 3*c + 11. Give x(5).
-149
Let x(f) = 3*f. Give x(2).
6
Let w(q) = -4*q**2 + 15*q + 9. Determine w(5).
-16
Let v(c) = c**3 - c**2 - 8*c + 9. Determine v(3).
3
Let p(f) = -f**2 + 12*f + 48. Calculate p(16).
-16
Let q(y) = 11*y - 35. Determine q(3).
-2
Let w(j) = -3*j**2 - 24*j + 1. What is w(-8)?
1
Let l(m) = -m + 5. What is l(8)?
-3
Let i(w) = w + 6. What is i(-6)?
0
Let v(d) = 4*d - 43. Give v(17).
25
Let c(k) = 2*k + 44. What is c(-4)?
36
Let f(d) = -5*d**3 + 2*d**2 + 2*d. Calculate f(-2).
44
Let j(z) = -z**2 - 26*z + 269. What is j(-34)?
-3
Let a(q) = -5*q**2 - 7*q - 27. Give a(-3).
-51
Let m(d) = d**2 - 4*d - 7. What is m(-5)?
38
Let g(o) = 9*o - 56. Calculate g(6).
-2
Let g(k) = -k**3 - 18*k**2 + k + 4. Calculate g(-18).
-14
Let k(f) = -7*f + 1. What is k(-3)?
22
Let c(j) = -j**2 - j + 1. Determine c(3).
-11
Let l(h) = 15*h + 16. What is l(-8)?
-104
Let l(a) = -6*a + 2. What is l(-4)?
26
Let a(k) = -k**2 + 5*k + 2. What is a(6)?
-4
Let g(j) = 5*j + 4. Give g(-2).
-6
Let y(l) = 4*l**2 + 3*l - 3. Determine y(3).
42
Let v(x) = -x**3 - 12*x**2 + x + 4. What is v(-12)?
-8
Let u(l) = -l**3 + 14*l**2 + 29*l + 9. Determine u(16).
-39
Let b(v) = 8*v**3 + v**2 - v - 2. Give b(-1).
-8
Let r(j) = -2*j**2 + 55*j + 17. What is r(27)?
44
Let m(u) = 17*u - 4. Give m(-1).
-21
Let c(n) = -n**2 - 4*n + 6. Give c(-5).
1
Let l(k) = -k - 3. What is l(4)?
-7
Let p(d) = -6*d**2 - 7*d - 12. Calculate p(-4).
-80
Let m(n) = -51*n + 180. Give m(3).
27
Let c(v) = -v**3 - 9*v**2 + 18*v - 31. Determine c(-11).
13
Let v(a) = 8*a**2 - 1. Determine v(-2).
31
Let s(o) = -o**3 - 9*o**2 - 5*o + 8. Determine s(-9)